{"id":5443,"date":"2020-04-24T11:56:11","date_gmt":"2020-04-24T09:56:11","guid":{"rendered":"https:\/\/lecanardbienelevedumascane.com\/?page_id=5443"},"modified":"2020-06-05T11:43:45","modified_gmt":"2020-06-05T09:43:45","slug":"durant-cette-crise-sanitaire-rien-ne-vaut-les-produits-locaux","status":"publish","type":"page","link":"https:\/\/lecanardbienelevedumascane.com\/index.php\/durant-cette-crise-sanitaire-rien-ne-vaut-les-produits-locaux\/","title":{"rendered":"Rien ne vaut les produits locaux!"},"content":{"rendered":"\n<p>Soyons fous, (locos!)&#8230;..mangeons local, vivons local, respirons local, bougeons local, partageons local!<\/p>\n\n\n\n<p>\u00ab\u00a0Produits au plus pr\u00e8s de  vous, dans des conditions d&rsquo;hygi\u00e8ne strictes, nourris avec des c\u00e9r\u00e9ales fran\u00e7aises, \u00e9lev\u00e9s sur notre sol, bichonn\u00e9s chaque jour par nous m\u00eames!<\/p>\n\n\n\n<div class=\"wp-block-group\"><div class=\"wp-block-group__inner-container is-layout-flow wp-block-group-is-layout-flow\">\n<p>Nous <strong>exp\u00e9dions en France<\/strong>, ou nous vous retrouvons sur place <strong>dans la Boutique Paysanne du Soler<\/strong>, <\/p>\n\n\n\n<p>MAIS AUSSI  par le site <em>kuupanda <\/em><strong>livraison group\u00e9es avec les producteurs des Aspres<\/strong>,<\/p>\n\n\n\n<p>ou ENFIN!!   <strong>sur  NOS MARCHES HABITUELS <\/strong><\/p>\n\n\n\n<p>samedi matin          <strong> Thuir et C\u00e9ret<\/strong><\/p>\n\n\n\n<p>dimanche matin      <strong>Collioure<\/strong><\/p>\n\n\n\n<p>et aussi <\/p>\n\n\n\n<p>les mardis toute la journ\u00e9e du 30 juin au 8 septembre  <strong>CASTELNOU<\/strong><\/p>\n\n\n\n<p><\/p>\n<\/div><\/div>\n\n\n\n<p><\/p>\n","protected":false},"excerpt":{"rendered":"<p>Soyons fous, (locos!)&#8230;..mangeons local, vivons local, respirons local, bougeons local, partageons local! \u00ab\u00a0Produits au plus pr\u00e8s de vous, dans des conditions d&rsquo;hygi\u00e8ne strictes, nourris avec des c\u00e9r\u00e9ales fran\u00e7aises, \u00e9lev\u00e9s sur notre sol, bichonn\u00e9s chaque jour par nous m\u00eames! Nous exp\u00e9dions en France, ou nous vous retrouvons sur place dans la Boutique Paysanne du Soler, MAIS [&hellip;]<\/p>\n","protected":false},"author":2,"featured_media":5451,"parent":0,"menu_order":0,"comment_status":"closed","ping_status":"closed","template":"","meta":{"footnotes":""},"class_list":["post-5443","page","type-page","status-publish","has-post-thumbnail","hentry"],"jetpack_sharing_enabled":true,"_links":{"self":[{"href":"https:\/\/lecanardbienelevedumascane.com\/index.php\/wp-json\/wp\/v2\/pages\/5443","targetHints":{"allow":["GET"]}}],"collection":[{"href":"https:\/\/lecanardbienelevedumascane.com\/index.php\/wp-json\/wp\/v2\/pages"}],"about":[{"href":"https:\/\/lecanardbienelevedumascane.com\/index.php\/wp-json\/wp\/v2\/types\/page"}],"author":[{"embeddable":true,"href":"https:\/\/lecanardbienelevedumascane.com\/index.php\/wp-json\/wp\/v2\/users\/2"}],"replies":[{"embeddable":true,"href":"https:\/\/lecanardbienelevedumascane.com\/index.php\/wp-json\/wp\/v2\/comments?post=5443"}],"version-history":[{"count":4,"href":"https:\/\/lecanardbienelevedumascane.com\/index.php\/wp-json\/wp\/v2\/pages\/5443\/revisions"}],"predecessor-version":[{"id":5484,"href":"https:\/\/lecanardbienelevedumascane.com\/index.php\/wp-json\/wp\/v2\/pages\/5443\/revisions\/5484"}],"wp:featuredmedia":[{"embeddable":true,"href":"https:\/\/lecanardbienelevedumascane.com\/index.php\/wp-json\/wp\/v2\/media\/5451"}],"wp:attachment":[{"href":"https:\/\/lecanardbienelevedumascane.com\/index.php\/wp-json\/wp\/v2\/media?parent=5443"}],"curies":[{"name":"wp","href":"https:\/\/api.w.org\/{rel}","templated":true}]}}

<p>Soyons fous, (locos!)&#8230;..mangeons local, vivons local, respirons local, bougeons local, partageons local!</p>



<p>« Produits au plus près de  vous, dans des conditions d&rsquo;hygiène strictes, nourris avec des céréales françaises, élevés sur notre sol, bichonnés chaque jour par nous mêmes!</p>



<div class="wp-block-group"><div class="wp-block-group__inner-container is-layout-flow wp-block-group-is-layout-flow">
<p>Nous <strong>expédions en France</strong>, ou nous vous retrouvons sur place <strong>dans la Boutique Paysanne du Soler</strong>, </p>



<p>MAIS AUSSI  par le site <em>kuupanda </em><strong>livraison groupées avec les producteurs des Aspres</strong>,</p>



<p>ou ENFIN!!   <strong>sur  NOS MARCHES HABITUELS </strong></p>



<p>samedi matin          <strong> Thuir et Céret</strong></p>



<p>dimanche matin      <strong>Collioure</strong></p>



<p>et aussi </p>



<p>les mardis toute la journée du 30 juin au 8 septembre  <strong>CASTELNOU</strong></p>



<p></p>
</div></div>



<p></p>

<p>Soyons fous, (locos!)&#8230;..mangeons local, vivons local, respirons local, bougeons local, partageons local! « Produits au plus près de vous, dans des conditions d&rsquo;hygiène strictes, nourris avec des céréales françaises, élevés sur notre sol, bichonnés chaque jour par nous mêmes! Nous expédions en France, ou nous vous retrouvons sur place dans la Boutique Paysanne du Soler, MAIS [&hellip;]</p>
