{"id":751,"date":"2019-09-30T15:42:54","date_gmt":"2019-09-30T13:42:54","guid":{"rendered":"https:\/\/lecanardbienelevedumascane.com\/?post_type=product&#038;p=751"},"modified":"2025-11-09T21:38:10","modified_gmt":"2025-11-09T20:38:10","slug":"sauce-au-foie-gras-avec-eclats-de-cepes","status":"publish","type":"product","link":"https:\/\/lecanardbienelevedumascane.com\/index.php\/produit\/sauce-au-foie-gras-avec-eclats-de-cepes\/","title":{"rendered":"Sauce au foie gras  200g"},"content":{"rendered":"<p>Notre sauce au foie gras est une belle r\u00e9ussite aussi: elle accompagnera parfaitement vos viandes grill\u00e9es: magret, filet de canard ou de b\u0153uf; vous pouvez cuisiner \u00e9galement un chapon(du Mas Can\u00e9!), ou un beau poulet fermier(du Mas Can\u00e9!), votre plat suscitera des commentaires \u00e9logieux&#8230;<\/p>\n<p>Et tout simplement, cette sauce embellira vos p\u00e2tes ,fra\u00eeches ou non, et votre riz nature!!<\/p>\n<p>A r\u00e9chauffer au bain-marie, fouetter \u00e0 la fourchette ou au mini-fouet, c&rsquo;est pr\u00eat.<\/p>\n<p>Si vous n&rsquo;utilisez pas tout, elle peut se garder au r\u00e9frig\u00e9rateur quelques jours..<\/p>\n<p>Ce pot convient pour 2 ou 4 personnes.<\/p>\n","protected":false},"excerpt":{"rendered":"<p>200 g<\/p>\n","protected":false},"featured_media":7137,"template":"","meta":[],"product_brand":[],"product_cat":[19,21,35],"product_tag":[],"class_list":{"0":"post-751","1":"product","2":"type-product","3":"status-publish","4":"has-post-thumbnail","6":"product_cat-canard","7":"product_cat-foie-gras","8":"product_cat-gammeartisanale","10":"first","11":"instock","12":"taxable","13":"shipping-taxable","14":"purchasable","15":"product-type-simple"},"jetpack_sharing_enabled":true,"_links":{"self":[{"href":"https:\/\/lecanardbienelevedumascane.com\/index.php\/wp-json\/wp\/v2\/product\/751","targetHints":{"allow":["GET"]}}],"collection":[{"href":"https:\/\/lecanardbienelevedumascane.com\/index.php\/wp-json\/wp\/v2\/product"}],"about":[{"href":"https:\/\/lecanardbienelevedumascane.com\/index.php\/wp-json\/wp\/v2\/types\/product"}],"wp:featuredmedia":[{"embeddable":true,"href":"https:\/\/lecanardbienelevedumascane.com\/index.php\/wp-json\/wp\/v2\/media\/7137"}],"wp:attachment":[{"href":"https:\/\/lecanardbienelevedumascane.com\/index.php\/wp-json\/wp\/v2\/media?parent=751"}],"wp:term":[{"taxonomy":"product_brand","embeddable":true,"href":"https:\/\/lecanardbienelevedumascane.com\/index.php\/wp-json\/wp\/v2\/product_brand?post=751"},{"taxonomy":"product_cat","embeddable":true,"href":"https:\/\/lecanardbienelevedumascane.com\/index.php\/wp-json\/wp\/v2\/product_cat?post=751"},{"taxonomy":"product_tag","embeddable":true,"href":"https:\/\/lecanardbienelevedumascane.com\/index.php\/wp-json\/wp\/v2\/product_tag?post=751"}],"curies":[{"name":"wp","href":"https:\/\/api.w.org\/{rel}","templated":true}]}}